*f + 25, -q = f + w. Suppose 3*h - 671 = -0*h - a, f = 4*h - 2*a - 888. Is h a prime number?
True
Let k(h) be the third derivative of 7*h**5/60 + h**4/6 - 4*h**3/3 - 3*h**2. Is k(3) prime?
True
Suppose -88699 - 41662 = -7*i. Is i a composite number?
True
Let y(h) = h**3 + 5*h**2 - 2*h - 4. Let g be y(-4). Let w(f) = f**3 - 17*f**2 + 19*f - 11. Is w(g) composite?
True
Is ((-566910)/(-27))/((-24)/(-36)) prime?
False
Suppose 2*o - 157 = 5. Suppose 0 = 78*p - o*p + 2091. Is p a prime number?
False
Let x be (32/(-20))/(-3 + 1547/515). Let t = x - -1243. Is t a composite number?
True
Suppose 80 = 2*h + 2*h. Let l = h + -22. Is 426/8 - l/(-8) a composite number?
False
Suppose 397038 = 25*w + 25463. Is w composite?
True
Is 33*(-7)/(-21)*83 composite?
True
Let o(l) = 225*l**2 + 17*l - 63. Is o(7) a prime number?
False
Let v(q) = -q**3 + 58*q**2 + 2*q - 93. Is v(46) composite?
False
Suppose -n = -4 - 0. Let z be 1*n/8*-10. Is -422*3/(z + -1) a prime number?
True
Let f(h) = -h**2 + 63*h - 19. Is f(15) a composite number?
False
Let w(x) = 1164*x - 73. Is w(4) a composite number?
False
Suppose -2*v = -5*v. Suppose -g - 2*m + 6 = v, -1 = -g - m + 2. Is -3 + (g + 3 - -445) composite?
True
Let q = 5135 - -7364. Is q a prime number?
False
Suppose 22*q - 1576666 = -4*q. Is q composite?
True
Suppose -2*v + 2*g + 12 = v, g = -3*v + 3. Suppose v*x - 1003 = -3*d + 1009, d + 1001 = x. Is x composite?
True
Let r(s) = 8*s**2 - 18*s + 167. Is r(33) a composite number?
True
Suppose -3*y + 8 = -y. Suppose 1 = y*k - 5*k. Is (k + -3)/(-4) - -30 a prime number?
True
Let n(h) = -4*h**2 + 59*h + 21. Let o be n(15). Is (403 - o)/(3 + (-2)/1) prime?
True
Let g(j) be the second derivative of -j**5/20 + j**4/12 - j**3/6 + 217*j**2/2 + 2*j. Is g(0) a prime number?
False
Suppose 9*s - 5*s = -2*j + 11100, -3*s = j - 8323. Is s prime?
False
Let v(c) = c**2 - c + 2. Let m be v(0). Let s(k) = 10 - 41*k - m + k**2 + 36*k. Is s(7) a composite number?
True
Suppose -989 - 2689 = -5*j - 2*d, -d = 3*j - 2206. Is j composite?
True
Let d(r) = -48*r + 7. Is d(-5) prime?
False
Suppose 16*a + 35*a = 361641. Is a prime?
False
Let u(y) = 2*y**2 + 9*y - 13. Suppose 5*b - o - 31 = -0*b, -2*o = 2. Is u(b) a composite number?
False
Let s(i) = -4*i**3 - 6*i**2 - 10*i - 42. Let z be s(-7). Suppose -z = -k + 333. Is k prime?
True
Suppose 16 = -7*i + 2. Is (i/(-3))/((-24)/(-7236)) a prime number?
False
Suppose 18687 = 5*z - 26128. Is z prime?
True
Let s be 1/(-7) + 264/84. Suppose -5*o + 642 = s*c, 301 = 2*c - 3*o - 146. Is c prime?
False
Is (-2)/(205500/(-29356) + 7) a prime number?
False
Let f = 120 + -72. Let i = -2 + f. Is i composite?
True
Is -85817*7/(-14)*2*1 a composite number?
False
Suppose w + w - 18 = 4*l, -3*w + 11 = -2*l. Let u(c) = c**3 - 2*c**2 + 1. Let a be u(w). Suppose 0 = -2*s + 2*n + 1006, a = -2*n - n. Is s a composite number?
False
Let q be 8/12*(-681)/(-2) - -3. Suppose 0 = 6*t - 11*t + q. Is t composite?
True
Let m = -1441 - -4010. Is m prime?
False
Suppose 6*x - 4*x = -4*a + 6700, -3330 = -x + 3*a. Suppose x = 6*j - 0*j. Is j a composite number?
False
Suppose d - a + 9 = -5*a, -4*d = -a - 15. Suppose -d*h = -5*f - 319, 133 = -4*h + 5*h + 5*f. Let s = h - 24. Is s composite?
False
Suppose -1254 = -5*u - 4*n, 4*u = -3*n + 1063 - 59. Is u composite?
True
Suppose 166 = -5*p + s, -s = 3*p + 145 - 47. Let y be (-22)/p + (-1777)/(-3). Let f = y + -246. Is f composite?
False
Let c(j) = 95*j + 2. Let f be c(4). Suppose -3*z - 3*u + 546 = 0, -2*z + 4*u = -0*z - f. Is z prime?
False
Suppose -5*r + 5*l + 14215 = 0, 3*l = -r - 476 + 3311. Is r composite?
True
Let y be (-34776)/(-9)*(0 + -1). Let l = y + 5915. Is l prime?
False
Let h(d) = -d**3 - 41*d**2 + 33*d + 29. Is h(-46) prime?
True
Suppose 3*y - 4*y = 0. Suppose -5*q + 0*q = 3*b - 997, y = 2*q + 2. Is b prime?
False
Suppose 2*k = 5*j - 43 - 19, 0 = -2*j - 3*k + 40. Suppose 16*f = j*f + 1226. Is f a prime number?
True
Suppose -3*c = -12, -5*c - 632 = -0*l - 2*l. Suppose -l + 36 = -2*w. Is w a composite number?
True
Let n = -41 - -49. Suppose 12*m - n*m - 5636 = 0. Is m prime?
True
Let i be -5*(-5 - (480/6 - -2)). Suppose 2*y = 5*t - 0*y - 22, 2*t - 4 = -4*y. Suppose 0 = -t*k + i + 209. Is k a composite number?
True
Let n(o) = -o**3 + 26*o**2 - 21*o - 41. Is n(17) prime?
True
Suppose 5*x = -3*u + 7*u + 208813, 3*x - 125292 = u. Is x a composite number?
True
Let i = -29 - -33. Suppose -i*y = -7*y + 2517. Is y a composite number?
False
Suppose 0 = -2*y - 4*p, -8 = 4*y - y + 2*p. Let a(u) = -u**3 + 2*u**2 + u - 3. Let z be a(y). Let m = z - 52. Is m composite?
False
Suppose 4*m + 84 = -3*m. Is ((-573)/(-4))/((-1)/(32/m)) a prime number?
False
Let c = 216 - -718. Is c a prime number?
False
Suppose 0 = 3*k + 4*q - 87, -k + 3*q + 7 + 9 = 0. Let c = -78 + k. Let f = 84 + c. Is f a composite number?
False
Suppose -32*o + 2176 = -3520. Is o a composite number?
True
Suppose -18*m = -13*m - 195. Suppose 2*k - 55 - 23 = -3*x, x + 5*k - m = 0. Is (-163)/(-3) - x/(-36) prime?
False
Suppose a - 7*k = -2*k + 4754, -4719 = -a - 2*k. Is a a prime number?
True
Let r(y) = 3*y**2 - 4*y. Let a be r(3). Is 4072/10 - 3/a prime?
False
Suppose 0 = -6*v - 2*v - 16. Let m(u) = -52*u - 9. Is m(v) a prime number?
False
Suppose 324*y = 335*y - 55847. Is y composite?
False
Let q(p) = -p**2 - p + 6. Let i be q(-3). Suppose i = -g - 8 + 44. Is (g/(-10))/((-8)/20) composite?
True
Let z(m) = m**2 - 21*m - 16. Let x be z(22). Suppose 0 = x*g - g - 2505. Is g a prime number?
False
Suppose 3*x + 3*w = 54897, 12*w + 54905 = 3*x + 17*w. Is x a prime number?
False
Let d(k) = 178*k**2 + 4*k. Let b be d(-2). Let o = b - -447. Is o a prime number?
True
Let l = 3662 + 3179. Is l a prime number?
True
Let c(g) = -4*g**3 + 7*g**2 - 19*g - 13. Is c(-7) a composite number?
True
Suppose -40764 = 24*u - 326436. Is u prime?
True
Let k = -97 - -204. Let t be ((-2)/(-10)*8)/((-3)/(-870)). Suppose -3*f - k = -t. Is f a composite number?
True
Suppose -5*z = 1 - 16. Suppose x - 2*i + 466 = z*i, -516 = x + 5*i. Let a = -240 - x. Is a composite?
False
Let y be 5/((-25)/(-1195)) - 2. Let t be 1/(-1) + (681 - -6). Let j = t - y. Is j composite?
False
Let p = 3320 - 1167. Is p prime?
True
Let u be (1 - 9/(-6))/((-4)/4312). Let q = -1298 - u. Is q prime?
False
Suppose 0 = 11*r - 59206 + 14711. Is r composite?
True
Let i = -335 + 430. Is i composite?
True
Let v be (-132873)/(-91) - 1/7. Suppose -50 = 2*d - v. Suppose -4*u + 9*u - d = 0. Is u a composite number?
True
Let w = 47487 + -6056. Is w prime?
False
Suppose -5*f = -11 - 9. Suppose -6*z + 1478 = -4*z. Suppose -k + 5*w - f*w + 248 = 0, -4*w = -3*k + z. Is k a prime number?
False
Let s(l) = 30*l + 1. Let z(t) = 2*t. Let u(d) = -s(d) + 4*z(d). Let k = 5 - 9. Is u(k) a composite number?
True
Let n(t) = -t + 14. Let q be n(10). Suppose 2*s = -0*y + 4*y - 29778, q*s - 4 = 0. Is y prime?
False
Suppose -5*z + 6294 = 3*s, -2096 = -s + 3*z - 4*z. Let a = s + -811. Is a prime?
False
Suppose -6*u + 32 = -2*u. Let p(z) = 0 + 3*z + 9*z**2 - z + 5 - 7*z**2. Is p(u) prime?
True
Is -1 - 0 - (-18117)/11 composite?
True
Let o = -30 + 8. Let p = o + 26. Suppose -p*j = -j - 159. Is j a composite number?
False
Let b(p) be the third derivative of -13*p**6/120 - p**5/15 - 5*p**4/24 - p**3/2 + 12*p**2. Is b(-3) prime?
False
Let l(z) be the third derivative of -179/24*z**4 + 0*z - 4*z**2 + 0 - 1/2*z**3. Is l(-2) composite?
True
Suppose -3*f = 3*x + 18, 0*f - 5*f - 2*x - 27 = 0. Is (f/7 - 8/28) + 1007 a composite number?
True
Let u(d) = 31*d**3 + 2*d**2 - d. Let f be u(1). Suppose -3*a + 4*a - 356 = 0. Suppose -a - f = -4*k. Is k composite?
False
Suppose -u - 10102 = -3*u + 5*x, 0 = 7*u - 3*x - 35357. Is u prime?
True
Let g = 0 + 3. Suppose -934 + 298 = g*b. Let w = b + 325. Is w composite?
False
Suppose 11*g + 23 = 12*g. Suppose -g*o + 17*o = -21282. Is o prime?
True
Let h = -2443 + 4104. Is 2*1 + (h - 6) composite?
False
Let d = 469 - -34. Let y = d + -166. Is y a composite number?
False
Suppose 2*q + 3*q = 1175. Suppose 3*l - 1097 - 215 = t, l + t - 440 = 0. Let y = l - q. Is y composite?
True
Suppose 2*f + 32 = -40. Let p = f + 149. Is p a prime number?
True
Let o(c) = -c**3 - 5*c**2 - 5*c + 4. Let a be o(-5). Suppose 4*l = -5*w - a, 0 = 3*w - 2*l + 3*l + 16. Is 7*11